le of 42?
True
Is 4172 a multiple of 2?
True
Does 265 divide 45315?
True
Is 2 a factor of 9047?
False
Is 21 a factor of 61922?
False
Does 21 divide 3255?
True
Does 4 divide 307?
False
Does 13 divide 2562?
False
Does 6 divide 1444?
False
Is 72 a factor of 22778?
False
Does 13 divide 156?
True
Is 19596 a multiple of 12?
True
Is 36 a factor of 5835?
False
Does 115 divide 4830?
True
Is 152 a factor of 26718?
False
Does 237 divide 17270?
False
Does 19 divide 1388?
False
Does 16 divide 176?
True
Does 16 divide 32?
True
Is 2815 a multiple of 43?
False
Is 40755 a multiple of 63?
False
Is 30 a factor of 1831?
False
Does 16 divide 907?
False
Does 126 divide 3708?
False
Is 25461 a multiple of 69?
True
Is 682 a multiple of 5?
False
Is 33 a factor of 38560?
False
Is 39072 a multiple of 96?
True
Does 27 divide 706?
False
Is 516 a multiple of 5?
False
Does 242 divide 15833?
False
Is 49 a factor of 3054?
False
Is 4300 a multiple of 20?
True
Is 40 a factor of 480?
True
Is 182 a multiple of 10?
False
Is 522 a multiple of 29?
True
Does 26 divide 988?
True
Is 65 a factor of 303?
False
Is 900 a multiple of 50?
True
Is 12 a factor of 4227?
False
Is 26 a factor of 5538?
True
Is 167 a factor of 51770?
True
Is 52 a factor of 728?
True
Is 7 a factor of 8458?
False
Is 2369 a multiple of 23?
True
Does 13 divide 2431?
True
Is 69 a factor of 1518?
True
Is 52 a factor of 260?
True
Does 13 divide 1040?
True
Does 6 divide 1615?
False
Does 23 divide 7664?
False
Does 55 divide 6897?
False
Is 38 a factor of 5308?
False
Is 9984 a multiple of 104?
True
Is 7433 a multiple of 24?
False
Is 41 a factor of 6478?
True
Does 4 divide 102?
False
Is 2619 a multiple of 27?
True
Is 760 a multiple of 20?
True
Is 52 a factor of 93715?
False
Is 23 a factor of 29808?
True
Is 473 a multiple of 4?
False
Is 542 a multiple of 25?
False
Does 73 divide 37435?
False
Is 35 a factor of 89285?
True
Is 27550 a multiple of 145?
True
Is 9 a factor of 351?
True
Does 4 divide 5418?
False
Does 44 divide 2112?
True
Is 37 a factor of 2892?
False
Is 53 a factor of 135524?
False
Is 172 a multiple of 4?
True
Does 9 divide 14882?
False
Does 5 divide 515?
True
Is 3318 a multiple of 14?
True
Is 57 a factor of 9805?
False
Is 372 a multiple of 12?
True
Is 8592 a multiple of 21?
False
Is 1224 a multiple of 29?
False
Is 22560 a multiple of 240?
True
Does 2 divide 1158?
True
Is 14 a factor of 9142?
True
Is 5746 a multiple of 19?
False
Is 762 a multiple of 25?
False
Does 70 divide 788?
False
Is 116 a factor of 3480?
True
Is 5611 a multiple of 31?
True
Is 888 a multiple of 8?
True
Is 94 a factor of 53580?
True
Is 10 a factor of 7750?
True
Is 26375 a multiple of 31?
False
Does 51 divide 16065?
True
Does 27 divide 2202?
False
Is 45934 a multiple of 18?
False
Is 99 a factor of 1997?
False
Is 12870 a multiple of 53?
False
Is 6 a factor of 1602?
True
Does 18 divide 7776?
True
Is 180 a multiple of 15?
True
Is 10 a factor of 670?
True
Is 37584 a multiple of 9?
True
Is 8 a factor of 8820?
False
Is 1574 a multiple of 14?
False
Is 9 a factor of 6989?
False
Does 19 divide 1539?
True
Does 61 divide 3697?
False
Does 5 divide 206?
False
Does 52 divide 25168?
True
Is 29968 a multiple of 11?
False
Is 7 a factor of 98?
True
Does 10 divide 37220?
True
Is 798 a multiple of 14?
True
Is 7 a factor of 5901?
True
Is 54 a factor of 27323?
False
Is 3002 a multiple of 79?
True
Does 11 divide 1207?
False
Is 600 a multiple of 40?
True
Does 30 divide 3930?
True
Is 7461 a multiple of 9?
True
Is 6 a factor of 1500?
True
Is 11 a factor of 9246?
False
Is 5221 a multiple of 23?
True
Is 1328 a multiple of 53?
False
Is 5 a factor of 50?
True
Does 4 divide 317?
False
Does 23 divide 23990?
False
Is 84 a factor of 12012?
True
Is 35 a factor of 9100?
True
Is 814 a multiple of 37?
True
Is 6 a factor of 516?
True
Is 2976 a multiple of 48?
True
Is 2168 a multiple of 14?
False
Is 642 a multiple of 11?
False
Is 1470 a multiple of 70?
True
Is 10528 a multiple of 94?
True
Is 18 a factor of 32338?
False
Is 28 a factor of 2238?
False
Does 30 divide 9517?
False
Does 16 divide 288?
True
Is 19 a factor of 3990?
True
Is 9 a factor of 1686?
False
Does 13 divide 12746?
False
Is 32 a factor of 17184?
True
Is 7280 a multiple of 70?
True
Is 28 a factor of 1820?
True
Does 16 divide 8534?
False
Is 12 a factor of 1812?
True
Is 77596 a multiple of 44?
False
Is 3583 a multiple of 62?
False
Is 4160 a multiple of 26?
True
Does 57 divide 221?
False
Is 5 a factor of 1991?
False
Does 34 divide 4073?
False
Does 35 divide 504?
False
Does 46 divide 950?
False
Does 82 divide 24108?
True
Is 153 a factor of 87669?
True
Is 18801 a multiple of 70?
False
Is 3 a factor of 1452?
True
Does 8 divide 5584?
True
Is 2692 a multiple of 4?
True
Does 24 divide 11803?
False
Is 336 a multiple of 6?
True
Is 11 a factor of 6501?
True
Is 1749 a multiple of 9?
False
Is 184 a multiple of 5?
False
Is 2224 a multiple of 139?
True
Is 17 a factor of 459?
True
Is 72 a factor of 23256?
True
Is 4368 a multiple of 239?
False
Is 12 a factor of 343?
False
Does 8 divide 798?
False
Is 126 a multiple of 29?
False
Is 40 a factor of 11680?
True
Is 29 a factor of 3436?
False
Does 6 divide 7044?
True
Is 7 a factor of 58212?
True
Does 140 divide 80800?
False
Is 37 a factor of 111?
True
Does 20 divide 18571?
False
Is 53 a factor of 1182?
False
Does 34 divide 2686?
True
Is 17 a factor of 544?
True
Is 3914 a multiple of 12?
False
Does 4 divide 4316?
True
Is 58 a factor of 1856?
True
Is 1667 a multiple of 26?
False
Does 42 divide 336?
True
Is 756 a multiple of 9?
True
Does 111 divide 16818?
False
Is 4 a factor of 4596?
True
Does 33 divide 495?
True
Does 9 divide 729?
True
Does 23 divide 1665?
False
Does 12 divide 19536?
True
Is 8418 a multiple of 46?
True
Does 15 divide 93?
False
Is 44 a factor of 1540?
True
Does 11 divide 48142?
False
Is 38 a factor of 570?
True
Does 16 divide 20474?
False
Is 161 a factor of 18043?
False
Does 11 divide 484?
True
Does 59 divide 561?
False
Is 46 a factor of 1978?
True
Does 6 divide 2361?
False
Is 7373 a multiple of 43?
False
Is 4774 a multiple of 11?
True
Does 2 divide 76?
True
Does 10 divide 250?
True
Is 5381 a multiple of 20?
False
Does 24 divide 403?
False
Does 24 divide 16436?
False
Is 16865 a multiple of 184?
False
Does 43 divide 35783?
False
Is 41992 a multiple of 116?
True
Is 17679 a multiple of 176?
False
Is 5 a factor of 1085?
True
Does 59 divide 18230?
False
Is 52212 a multiple of 12?
True
Is 61 a factor of 82960?
True
Is 19217 a multiple of 231?
False
Does 40 divide 840?
True
Is 365 a multiple of 103?
False
Is 13 a factor of 313?
False
Does 4 divide 312?
True
Is 16650 a multiple of 18?
True
Is 1515 a multiple of 101?
True
Does 39 divide 7878?
True
Does 8 divide 800?
True
Does 70 divide 647?
False
Is 13 a factor of 468?
True
Does 69 divide 1012?
False
Is 494 a multiple of 38?
True
Is 74813 a multiple of 68?
False
Does 6 divide 3222?
True
Is 54 a multiple of 7?
False
Does 92 divide 1012?
True
Is 23 a factor of 29139?
False
Is 25 a factor of 1425?
True
Does 29 divide 328?
False
Does 3 divide 29516?
False
Does 4 divide 28?
True
Is 39 a factor of 234?
True
Is 43 a factor of 18963?
True
Does 26 divide 2926?
False
Is 11445 a multiple of 24?
False
Is 2 a factor of 997?
False
Is 7 a factor of 6342?
True
Is 6 a factor of 1022?
False
Does 4 divide 2101?
False
Does 5 divide 165?
True
Is 397 a multiple of 36?
False
Is 35 a factor of 1882?
False
Does 16 divide 3667?
False
Is 33 a factor of 12408?
True
Does 51 divide 2346?
True
Is 248 a multiple of 39?
False
Is 17 a factor of 6144?
False
Is 880 a multiple of 40?
True
Is 4356 a multiple of 132?
True
Does 26 divide 1631?
False
Does 42 divide 8652?
True
Is 278 a multiple of 69?
False
Does 13 divide 3308?
False
Does 3 divide 4299?
True
Does 3 divide 5104?
False
Does 14 divide 273?
False
Does 21 divide 480?
False
Is 595 a multiple of 5?
True
Is 20 a factor of 520?
True
Is 76 a factor of 1292?
True
Does 51 divide 55303?
False
Is 22494 a multiple of 7?
False
Does 5 divide 23?
False
Does 3 divide 183?
True
Does 7 divide 299?
False
Is 2376 a multiple of 66?
True
Is 7458 a multiple of 33?
True
Does 22 divide 512?
False
Is 15 a factor of 1050?
True
Does 90 divide 588?
False
Is 7 a factor of 553?
True
Does 24 divide 6657?
False
Is 868 a multiple of 72?
False
Does 15 di